{"id":648,"date":"2025-10-20T09:20:14","date_gmt":"2025-10-20T08:20:14","guid":{"rendered":"https:\/\/foexam.es\/?page_id=648"},"modified":"2025-10-20T11:26:37","modified_gmt":"2025-10-20T10:26:37","slug":"consentimiento-actividad","status":"publish","type":"page","link":"https:\/\/foexam.es\/index.php\/consentimiento-actividad\/","title":{"rendered":"Consentimiento actividad"},"content":{"rendered":"\n<div class=\"wp-block-uagb-container uagb-block-4b9a557c alignfull uagb-is-root-container\"><div class=\"uagb-container-inner-blocks-wrap\">\n<figure class=\"wp-block-image aligncenter size-full\"><img loading=\"lazy\" decoding=\"async\" width=\"2020\" height=\"420\" src=\"https:\/\/foexam.es\/wp-content\/uploads\/2025\/10\/CABECERO-DOC-TECC-LEO-FOEXAM-AZUL.png\" alt=\"\" class=\"wp-image-653\" srcset=\"https:\/\/foexam.es\/wp-content\/uploads\/2025\/10\/CABECERO-DOC-TECC-LEO-FOEXAM-AZUL.png 2020w, https:\/\/foexam.es\/wp-content\/uploads\/2025\/10\/CABECERO-DOC-TECC-LEO-FOEXAM-AZUL-300x62.png 300w, https:\/\/foexam.es\/wp-content\/uploads\/2025\/10\/CABECERO-DOC-TECC-LEO-FOEXAM-AZUL-1024x213.png 1024w, https:\/\/foexam.es\/wp-content\/uploads\/2025\/10\/CABECERO-DOC-TECC-LEO-FOEXAM-AZUL-768x160.png 768w, https:\/\/foexam.es\/wp-content\/uploads\/2025\/10\/CABECERO-DOC-TECC-LEO-FOEXAM-AZUL-1536x319.png 1536w, https:\/\/foexam.es\/wp-content\/uploads\/2025\/10\/CABECERO-DOC-TECC-LEO-FOEXAM-AZUL-1320x274.png 1320w, https:\/\/foexam.es\/wp-content\/uploads\/2025\/10\/CABECERO-DOC-TECC-LEO-FOEXAM-AZUL-600x125.png 600w\" sizes=\"auto, (max-width: 2020px) 100vw, 2020px\" \/><\/figure>\n\n\n\n<div class=\"wp-block-uagb-container uagb-block-f2115952\"><\/div>\n\n\n\n<p class=\"has-text-align-center has-ternary-color has-text-color has-link-color wp-elements-70622bb63713c3969c275fa01cc296a2\"><strong>CONSENTIMIENTO<\/strong><\/p>\n\n\n\n<p>Deseo participar de forma voluntaria en el curso Tactical Emergency Casualty Care law Enforcement officers (FIRST RESPONDERS) (TECC-LEO) en la ubicaci\u00f3n y fechas se\u00f1aladas en la inscripci\u00f3n y matr\u00edcula del curso.<\/p>\n\n\n\n<p>Por la presente garantizo y declaro que estoy en buena forma y no tengo ninguna condici\u00f3n m\u00e9dica, enfermedad, lesi\u00f3n o limitaci\u00f3n f\u00edsica que me condicione o impida desarrollar actividad f\u00edsica alguna de intensidad moderada, alta o muy alta. As\u00ed mismo no me encuentro en riesgo de lesi\u00f3n o empeoramiento como resultado de mi participaci\u00f3n en la acci\u00f3n formativa.<\/p>\n\n\n\n<p>Acepto cumplir todas las reglas y regulaciones vigentes durante mi participaci\u00f3n en la acci\u00f3n formativa.<\/p>\n\n\n\n<p>Acepto cumplir todas las normas, medidas e indicaciones de seguridad que sean indicadas por los docentes del curso, as\u00ed como las de la instalaci\u00f3n y\/o recintos donde se desarrollen las mismas.<\/p>\n\n\n\n<p>Manifiesto ser conocedor del documento de consentimiento informado de actividades f\u00edsicas y normas de seguridad. Entendiendo, comprendiendo y aceptando todo lo descrito en la gu\u00eda del alumno.<\/p>\n\n\n\n<p>Soy consciente del uso de armas de airsfot, as\u00ed como del desarrollo de la acci\u00f3n bajo situaciones de estr\u00e9s f\u00edsico y mental. Estoy de acuerdo en participar de forma voluntaria en todas las simulaciones, talleres y supuestos, que se integran dentro del marco formativo de la actividad.<\/p>\n\n\n\n<p><strong>Por todo lo descrito con anterioridad, el alumno que consigna sus datos est\u00e1 conforme con todo lo le\u00eddo anteriormente y acepta la participaci\u00f3n. Para aceptar es necesario clicar de manera voluntaria en la casilla \u00abacepto\u00bb as\u00ed como escribiendo sus datos. <\/strong><\/p>\n<\/div><\/div>\n\n\n\n<div class=\"wp-block-uagb-container uagb-block-2bab4270 alignfull uagb-is-root-container\"><div class=\"uagb-container-inner-blocks-wrap\"><div class=\"frm_forms  with_frm_style frm_style_estilo-de-formidable\" id=\"frm_form_5_container\" data-token=\"28cd2363f2714fa43d274d252221a8d4\">\n<form enctype=\"multipart\/form-data\" method=\"post\" class=\"frm-show-form \" id=\"form_consetimiento-actividad-fisica\" data-token=\"28cd2363f2714fa43d274d252221a8d4\">\n<div class=\"frm_form_fields \">\n<fieldset>\n<legend class=\"frm_screen_reader\">Consetimiento actividad f\u00edsica<\/legend>\r\n\r\n<div class=\"frm_fields_container\">\n<input type=\"hidden\" name=\"frm_action\" value=\"create\" \/>\n<input type=\"hidden\" name=\"form_id\" value=\"5\" \/>\n<input type=\"hidden\" name=\"frm_hide_fields_5\" id=\"frm_hide_fields_5\" value=\"\" \/>\n<input type=\"hidden\" name=\"form_key\" value=\"consetimiento-actividad-fisica\" \/>\n<input type=\"hidden\" name=\"item_meta[0]\" value=\"\" \/>\n<input type=\"hidden\" id=\"frm_submit_entry_5\" name=\"frm_submit_entry_5\" value=\"9af291f636\" \/><input type=\"hidden\" name=\"_wp_http_referer\" value=\"\/index.php\/wp-json\/wp\/v2\/pages\/648\" \/><div id=\"frm_field_44_container\" class=\"frm_form_field form-field  frm_top_container\">\r\n\t<div  id=\"field_gg9gi_label\" class=\"frm_primary_label\">Nombre\r\n\t\t<span class=\"frm_required\" aria-hidden=\"true\"><\/span>\r\n\t<\/div>\r\n\t<fieldset aria-labelledby=\"field_gg9gi_label\">\n\t<legend class=\"frm_screen_reader frm_hidden\">\n\t\tNombre\t<\/legend>\n\n\t<div  class=\"frm_combo_inputs_container\" id=\"frm_combo_inputs_container_44\" data-name-layout=\"first_last\">\n\t\t\t\t\t<div\n\t\t\t\tid=\"frm_field_44-first_container\"\n\t\t\t\tclass=\"frm_form_field form-field frm_form_subfield-first  frm6\"\n\t\t\t\tdata-sub-field-name=\"first\"\n\t\t\t>\n\t\t\t\t<label for=\"field_gg9gi_first\" class=\"frm_screen_reader frm_hidden\">\n\t\t\t\t\tNombre\t\t\t\t<\/label>\n\n\t\t\t\t<input  type=\"text\" id=\"field_gg9gi_first\" value=\"\" name=\"item_meta[44][first]\" autocomplete=\"given-name\" data-invmsg=\"Nombre no es v\u00e1lido\" aria-invalid=\"false\"  \/><div class=\"frm_description\" id=\"frm_field_44_first_desc\">Nombre<\/div>\t\t\t<\/div>\n\t\t\t\t\t\t<div\n\t\t\t\tid=\"frm_field_44-last_container\"\n\t\t\t\tclass=\"frm_form_field form-field frm_form_subfield-last  frm6\"\n\t\t\t\tdata-sub-field-name=\"last\"\n\t\t\t>\n\t\t\t\t<label for=\"field_gg9gi_last\" class=\"frm_screen_reader frm_hidden\">\n\t\t\t\t\tApellido\t\t\t\t<\/label>\n\n\t\t\t\t<input  type=\"text\" id=\"field_gg9gi_last\" value=\"\" name=\"item_meta[44][last]\" autocomplete=\"family-name\" data-invmsg=\"Nombre no es v\u00e1lido\" aria-invalid=\"false\"  \/><div class=\"frm_description\" id=\"frm_field_44_last_desc\">Apellido<\/div>\t\t\t<\/div>\n\t\t\t\t<\/div>\n<\/fieldset>\n\r\n\t\r\n\t\r\n<\/div>\n<div id=\"frm_field_45_container\" class=\"frm_form_field form-field  frm_top_container frm6 frm_first\">\r\n\t<label for=\"field_mqcqm\" id=\"field_mqcqm_label\" class=\"frm_primary_label\">DNI\r\n\t\t<span class=\"frm_required\" aria-hidden=\"true\"><\/span>\r\n\t<\/label>\r\n\t<input type=\"text\" id=\"field_mqcqm\" name=\"item_meta[45]\" value=\"\"  data-invmsg=\"DNI no es v\u00e1lido\" aria-invalid=\"false\"  \/>\r\n\t\r\n\t\r\n<\/div>\n<div id=\"frm_field_46_container\" class=\"frm_form_field form-field  frm_top_container frm6\">\r\n\t<label for=\"field_sv4i8\" id=\"field_sv4i8_label\" class=\"frm_primary_label\">Correo eletr\u00f3nico\r\n\t\t<span class=\"frm_required\" aria-hidden=\"true\"><\/span>\r\n\t<\/label>\r\n\t<input type=\"email\" id=\"field_sv4i8\" name=\"item_meta[46]\" value=\"\"  data-invmsg=\"Correo eletr\u00f3nico no es v\u00e1lido\" aria-invalid=\"false\"  \/>\r\n\t\r\n\t\r\n<\/div>\n<div id=\"frm_field_47_container\" class=\"frm_form_field form-field  frm_top_container frm6 frm_first vertical_radio\">\r\n\t<div  id=\"field_n8fj0_label\" class=\"frm_primary_label\">Aceptar consentimiento\r\n\t\t<span class=\"frm_required\" aria-hidden=\"true\"><\/span>\r\n\t<\/div>\r\n\t<div class=\"frm_opt_container\" aria-labelledby=\"field_n8fj0_label\" role=\"group\">\t\t<div class=\"frm_checkbox\" id=\"frm_checkbox_47-0\">\t\t\t<label  for=\"field_n8fj0-0\">\n\t\t\t<input type=\"checkbox\" name=\"item_meta[47][]\" id=\"field_n8fj0-0\" value=\"Acepto\"  data-invmsg=\"Aceptar consentimiento no es v\u00e1lido\"   \/> Acepto<\/label><\/div>\n<\/div>\r\n\t\r\n\t\r\n<\/div>\n<div id=\"frm_field_49_container\" class=\"frm_form_field form-field  frm_top_container frm6 vertical_radio\">\r\n\t<div  id=\"field_fmtc3_label\" class=\"frm_primary_label\">Rechazar consentimiento\r\n\t\t<span class=\"frm_required\" aria-hidden=\"true\"><\/span>\r\n\t<\/div>\r\n\t<div class=\"frm_opt_container\" aria-labelledby=\"field_fmtc3_label\" role=\"group\">\t\t<div class=\"frm_checkbox\" id=\"frm_checkbox_49-0\">\t\t\t<label  for=\"field_fmtc3-0\">\n\t\t\t<input type=\"checkbox\" name=\"item_meta[49][]\" id=\"field_fmtc3-0\" value=\"No acpeto\"  data-invmsg=\"Rechazar consentimiento no es v\u00e1lido\"   \/> No acpeto<\/label><\/div>\n<\/div>\r\n\t\r\n\t\r\n<\/div>\n<div id=\"frm_field_48_container\" class=\"frm_form_field form-field  frm_none_container frm12 frm_first\">\r\n\t<label for=\"g-recaptcha-response\" id=\"field_619lr_label\" class=\"frm_primary_label\">Captcha\r\n\t\t<span class=\"frm_required\" aria-hidden=\"true\"><\/span>\r\n\t<\/label>\r\n\t<div  id=\"field_619lr\" class=\"frm-g-recaptcha\" data-sitekey=\"6LePkK4rAAAAAGYGSetAVAfQ-UWEVNGIug0NvLi3\" data-size=\"invisible\" data-theme=\"light\"><\/div>\r\n\t\r\n\t\r\n<\/div>\n<div id=\"frm_field_42_container\" class=\"frm_form_field form-field  frm12 frm_first\">\r\n\t<div class=\"frm_submit frm_flex\">\r\n<button class=\"frm_button_submit\" type=\"submit\"  >Enviar<\/button>\r\n\r\n\r\n\r\n<\/div>\r\n<\/div>\n\t<input type=\"hidden\" name=\"item_key\" value=\"\" \/>\n\t\t\t<div id=\"frm_field_90_container\">\n\t\t\t<label for=\"field_km1a2\" >\n\t\t\t\tSi eres humano, deja este campo en blanco.\t\t\t<\/label>\n\t\t\t<input  id=\"field_km1a2\" type=\"text\" class=\"frm_form_field form-field frm_verify\" name=\"item_meta[90]\" value=\"\"  \/>\n\t\t<\/div>\n\t\t<input name=\"frm_state\" type=\"hidden\" value=\"nKwOiVw9Jx2dFnQJR584aXTG0Q0AI0LrIgvWKxxJXpM=\" \/><\/div>\n<\/fieldset>\n<\/div>\n\n<p style=\"display: none !important;\" class=\"akismet-fields-container\" data-prefix=\"ak_\"><label>&#916;<textarea name=\"ak_hp_textarea\" cols=\"45\" rows=\"8\" maxlength=\"100\"><\/textarea><\/label><input type=\"hidden\" id=\"ak_js_1\" name=\"ak_js\" value=\"68\"\/><script>document.getElementById( \"ak_js_1\" ).setAttribute( \"value\", ( new Date() ).getTime() );<\/script><\/p><\/form>\n<\/div>\n<\/div><\/div>\n\n\n\n<div class=\"wp-block-uagb-container uagb-block-8750096d alignfull uagb-is-root-container\"><div class=\"uagb-container-inner-blocks-wrap\">\n<p class=\"has-extra-small-font-size\">Tratamiento de datos personales, puede consultar m\u00e1s sobre ello en <a href=\"https:\/\/foexam.es\/index.php\/politica-de-privacidad-e-imagen\/\" data-type=\"page\" data-id=\"264\">privacidad<\/a><\/p>\n<\/div><\/div>\n","protected":false},"excerpt":{"rendered":"<p>CONSENTIMIENTO Deseo participar de forma voluntaria en el curso Tactical Emergency Casualty Care law Enforcement officers (FIRST RESPONDERS) (TECC-LEO) en la ubicaci\u00f3n y fechas se\u00f1aladas en la inscripci\u00f3n y matr\u00edcula del curso. Por la presente garantizo y declaro que estoy en buena forma y no tengo ninguna condici\u00f3n m\u00e9dica, enfermedad, lesi\u00f3n o limitaci\u00f3n f\u00edsica que [&hellip;]<\/p>\n","protected":false},"author":1,"featured_media":0,"parent":0,"menu_order":0,"comment_status":"closed","ping_status":"closed","template":"wp-custom-template-consentimiento-actividad","meta":{"_uag_custom_page_level_css":"","footnotes":""},"class_list":["post-648","page","type-page","status-publish","hentry"],"uagb_featured_image_src":{"full":false,"thumbnail":false,"medium":false,"medium_large":false,"large":false,"1536x1536":false,"2048x2048":false,"mailpoet_newsletter_max":false,"woocommerce_thumbnail":false,"woocommerce_single":false,"woocommerce_gallery_thumbnail":false},"uagb_author_info":{"display_name":"admin","author_link":"https:\/\/foexam.es\/index.php\/author\/admin\/"},"uagb_comment_info":0,"uagb_excerpt":"CONSENTIMIENTO Deseo participar de forma voluntaria en el curso Tactical Emergency Casualty Care law Enforcement officers (FIRST RESPONDERS) (TECC-LEO) en la ubicaci\u00f3n y fechas se\u00f1aladas en la inscripci\u00f3n y matr\u00edcula del curso. Por la presente garantizo y declaro que estoy en buena forma y no tengo ninguna condici\u00f3n m\u00e9dica, enfermedad, lesi\u00f3n o limitaci\u00f3n f\u00edsica que&hellip;","_links":{"self":[{"href":"https:\/\/foexam.es\/index.php\/wp-json\/wp\/v2\/pages\/648","targetHints":{"allow":["GET"]}}],"collection":[{"href":"https:\/\/foexam.es\/index.php\/wp-json\/wp\/v2\/pages"}],"about":[{"href":"https:\/\/foexam.es\/index.php\/wp-json\/wp\/v2\/types\/page"}],"author":[{"embeddable":true,"href":"https:\/\/foexam.es\/index.php\/wp-json\/wp\/v2\/users\/1"}],"replies":[{"embeddable":true,"href":"https:\/\/foexam.es\/index.php\/wp-json\/wp\/v2\/comments?post=648"}],"version-history":[{"count":6,"href":"https:\/\/foexam.es\/index.php\/wp-json\/wp\/v2\/pages\/648\/revisions"}],"predecessor-version":[{"id":659,"href":"https:\/\/foexam.es\/index.php\/wp-json\/wp\/v2\/pages\/648\/revisions\/659"}],"wp:attachment":[{"href":"https:\/\/foexam.es\/index.php\/wp-json\/wp\/v2\/media?parent=648"}],"curies":[{"name":"wp","href":"https:\/\/api.w.org\/{rel}","templated":true}]}}